= u + 6, r*l - 192 = -2*u. What is the tens digit of l?
6
Suppose 382*a - 377*a + 20 = 0. What is the hundreds digit of -91*(1 - a)/(-1)?
4
Let n(j) be the third derivative of -61*j**4/24 - 293*j**3/6 - 56*j**2. What is the units digit of n(-13)?
0
Let m = 750 - 1674. Let i = -565 - m. What is the hundreds digit of i?
3
Let g be 2/(-2)*1*(10 + -18). What is the thousands digit of (2105/(-4))/((-2)/g)?
2
Suppose 2*p = 108 + 172. Suppose -3*i + 170 = j, -5*i - 9*j + 11*j + 298 = 0. Suppose 0 = 5*l - 5*b - p, -l + b = 6*b - i. What is the tens digit of l?
3
Let x = -413 - -749. Let y = x + -199. What is the units digit of y?
7
Let c = -22253 - -10203. What is the units digit of (-8)/(-36) + c/(-45)?
8
Let j be (-23289)/(-63) + 1/3. Let i = j - -327. What is the units digit of i?
7
Let q(w) = -6*w**2 + 2*w + 5*w**2 - 2 - 8. Let d be q(0). What is the units digit of -1*82/(d/5)?
1
Let a(u) = -23*u**3 + 2*u + 6. Let l = 20 + -23. What is the tens digit of a(l)?
2
Let n(k) = 404*k - 5. Let s be (-1)/((0 - -5)/(-5)). What is the tens digit of n(s)?
9
Let c = 25 - -7618. What is the thousands digit of c?
7
Let w(r) = 43*r + 87. Let g(v) = -87*v - 173. Let q(p) = 4*g(p) + 9*w(p). What is the hundreds digit of q(17)?
7
Suppose -4*u - 1298 = -5*t, -1310 = 28*u - 24*u + t. Let z = u + 504. What is the tens digit of z?
7
Let b be ((-1)/(-3))/(1/12). Suppose -u - 2*r + 15 = -1, u - b*r = -8. Suppose 1228 - 388 = u*s. What is the tens digit of s?
0
Let a(o) = -18*o**2 - 4*o - 11. Let n be a(-4). Let s = 355 + n. What is the tens digit of s?
7
Suppose -6*q = -5886 - 474. Suppose -7*y + 200 = -q. Suppose c + y = 7*c. What is the units digit of c?
0
Let x(q) = q**2 - 55*q + 85. Let w be x(55). Let d be -3*1*53/3. Let h = d + w. What is the tens digit of h?
3
Suppose -3*p + 1 + 5 = 0. What is the tens digit of 107*p*(-5)/(-10) + 1?
0
Let o(g) = g**2 + 11*g + 19. Let k be o(-9). Suppose 2*w = -9 - k, -w = -3*v + 779. What is the tens digit of v?
5
What is the units digit of ((-7665)/(-315))/(2/600)?
0
What is the thousands digit of (-3)/8 + (-46165416)/(-1472)?
1
Let v(z) = 9*z**3 + z**2 - z - 1. Let b be v(1). Suppose 4148 = b*o + 204. What is the tens digit of o?
9
Let w be 2/(1 + (-4)/8). Suppose -75 - 1621 = -w*n. What is the tens digit of n?
2
Let p be 43 + (2 - 5) + 3. Suppose 0 = 3*t - p - 635. Suppose i = 5*g - 0*i - t, -2*i = -4*g + 182. What is the units digit of g?
5
Let j = -65 + 71. Let x = j - 9. What is the units digit of -3 - x/(-2)*-30?
2
Let p(r) = r**2 - r + 40. Let b be p(0). Suppose -i + 13 = -3*g + g, -b = 5*g - i. What is the tens digit of (6/g)/((-14)/4893)?
3
Let u = 31128 + -16440. What is the thousands digit of u?
4
Let z(a) be the second derivative of -8*a**3/3 + 10*a**2 + 21*a + 2. What is the units digit of z(-14)?
4
Suppose -6*z = -78 + 30. Let l(j) be the first derivative of -j**4/4 + 8*j**3/3 + 4*j**2 - 2*j + 5. What is the tens digit of l(z)?
6
Let m = 2 - -5. Suppose 291 = -2*o - 4*l + 5*l, 2*l + 594 = -4*o. Let j = m - o. What is the units digit of j?
4
What is the tens digit of (-7 + (-48414)/24)*-4?
9
Suppose i = 4*x - 15209 - 15122, -2*i = -4*x + 30330. What is the thousands digit of x?
7
Suppose 0 = -282*w + 287*w + 5*u - 50455, -u = -w + 10097. What is the thousands digit of w?
0
Suppose 0 = 2*d - 2*z + 26, 0 = 4*d + 4*z + 15 + 29. Let o(c) = 21*c + 22. Let n be o(d). Let a = -161 - n. What is the units digit of a?
9
Let c = 23683 + -15531. What is the tens digit of c?
5
Let l(q) = -q**2 - 23*q - 40. Let g be l(-21). Let x be (-948)/21*42/(-12). What is the hundreds digit of -5 + x - (g - (-2 + 2))?
1
Let z(u) = -u**2 - 6*u + 94. Let x be z(-13). Suppose -b + x*b = 2*t - 1162, -2*t + 1160 = -4*b. What is the tens digit of t?
8
Suppose -5*s = -s - 4*f - 8, 0 = -f. Suppose -3*l + 1071 = -s*a + 5*a, -5*a = -2*l - 1778. What is the tens digit of a?
5
Let a(x) = 27*x**3 - x**2 - 18*x + 5. What is the thousands digit of a(8)?
3
Suppose -45*j + 89*j - 79*j + 359100 = 0. What is the thousands digit of j?
0
Suppose -5*m - 3*p = -17134, -95*m = -100*m + 4*p + 17148. What is the hundreds digit of m?
4
What is the thousands digit of ((-79137)/288)/((-6)/(-8))*-8?
2
Suppose -16*k + 9*k = -14. Suppose -3*d + 3*u = 7*u - 2, -6 = -2*d + k*u. Suppose 0 = -d*s + 10, 2*n - 9 - 201 = -2*s. What is the hundreds digit of n?
1
Let f(i) = 11*i**3 - 16*i**2 + 22*i + 128. What is the tens digit of f(11)?
7
What is the hundreds digit of -3*(-1527)/(-45)*-35?
5
Let y = 18820 + -9761. What is the tens digit of y?
5
Suppose -138*l + 8283726 + 1286988 = 0. What is the thousands digit of l?
9
Suppose 36*q = 72*q. Suppose -760 = -4*v - v. Suppose -4*z - 3*a + 330 = q, 0*z = -2*z + 5*a + v. What is the tens digit of z?
8
Let a(v) = -5*v**3 + 2*v**2 + 4*v + 1. Let i be a(-1). Let p = 2 + -2. Suppose p = -0*k - i*k + 412. What is the units digit of k?
3
Let r be (-3 - (1 - (1 - -1))) + 987. Suppose -4*y + 443 = -r. What is the hundreds digit of y?
3
What is the hundreds digit of 276732/42 + (2 - 13/7)?
5
Suppose -7*l = 862 + 1315. Let n be (l + -7)*2/3. Let j = n - -325. What is the hundreds digit of j?
1
Suppose 0 = 7*c - 19*c + 10590 + 33990. What is the units digit of c?
5
Let u = 44469 - 24934. What is the thousands digit of u?
9
Suppose -4*h - 2*z = -29706, -2*h + 4400 = 3*z - 10463. What is the thousands digit of h?
7
Suppose 2*y - 260 = -5*u + 2, -3*u + 5*y + 182 = 0. Let j be 0 + 1 + -1 - (u - -32). Let v = 244 + j. What is the hundreds digit of v?
1
Suppose 0 = -n + 49 + 68. Let p = -837 - -836. What is the hundreds digit of n - (4 + p) - (0 + 3)?
1
Suppose -17 = 10*g - 7. Let o be (46/(-3) - -6)/(g/(-42)). Let h = -214 - o. What is the hundreds digit of h?
1
Suppose 0 = 8*z + 102 - 158. What is the units digit of (z - 1) + 9 + 146?
1
Suppose 51*y - 67*y - 16 = 0. What is the hundreds digit of 3122/8 + y*1/4?
3
What is the units digit of 1 + (36628/(-7))/(25/((-2625)/30))?
5
Let w = 29 + -24. Suppose -3*n + 9 = -2*q + 3, -4*q + 32 = w*n. Suppose 333 = q*o - 3*u, -5*o + u + 3*u + 550 = 0. What is the units digit of o?
6
Suppose 0*i - 4*i = 5*b - 2991, 2*b - i = 1186. Let g = -234 + b. What is the units digit of g?
1
Suppose 5*g + 3930 = s, -11790 = -3*s - 3*g - 0*g. What is the hundreds digit of s?
9
Suppose 31*l + 149335 = 531999. What is the ten thousands digit of l?
1
Suppose 2*w - f - 39 = 22, 2*f + 93 = 3*w. Suppose -w = -3*g + 25. Suppose -3*n = g*n - 3612. What is the hundreds digit of n?
1
Let u be (-3)/2*((-20)/15 - 6). Suppose x = u*x - 2810. What is the hundreds digit of x?
2
Suppose 69*f = 90*f - 506499. What is the thousands digit of f?
4
Let t = 461 + 16718. What is the tens digit of t?
7
Suppose 492*y = 3505242 - 1240566. What is the thousands digit of y?
4
Suppose 0 = a + 2*a + 3, -4*a + 906 = 5*u. Suppose 2*i + 1195 = 4*p + i, 4*i - 602 = -2*p. Let h = p - u. What is the units digit of h?
7
Suppose -10*u = -5*u - 4*o, 3*o = 5*u. Let r = -349 - -532. Suppose 3*d + 0*d = a + r, u = -3*d - a + 177. What is the units digit of d?
0
Let v(s) = -11*s + 38. Let b be v(4). What is the hundreds digit of (b/15)/(18/(-9090))?
2
Let k(n) = 28*n**2 + 414*n + 134. What is the ten thousands digit of k(26)?
2
Let z be (965/15)/(((-15)/9)/(-5)). Suppose -2*w = 15 + 147. Let n = w + z. What is the tens digit of n?
1
Let q = -49 + 51. Suppose 15 = h + 5*g - 15, -3*g + 25 = q*h. Suppose -h*l + 410 = 125. What is the units digit of l?
7
Let u be ((-998)/(-10))/(8/(-40)). Let p = 1098 + u. What is the tens digit of p?
9
Let y = 31390 - -31972. What is the thousands digit of y?
3
What is the hundreds digit of -2*(-2)/12*86442*96/64?
2
Suppose s = -3*t + 19384, 0 = -2*s + 3*t - 12335 + 51076. What is the units digit of s?
5
Let q(k) = -14*k + 53. Let y(r) = 14*r - 52. Let c(m) = 3*q(m) + 2*y(m). What is the units digit of c(-8)?
7
Let q(n) be the first derivative of -5*n**2 + 132*n + 104. What is the tens digit of q(-24)?
7
Let o = 97 + 660. Let l(g) = -g**3 + 6*g**2 + 9*g - 10. Let h be l(7). Suppose -2*q + m + 376 = -m, -h*q + 5*m = -o. What is the units digit of q?
3
Let k(r) be the second derivative of -r**5/20 + r**4/4 - r**3/6 + 342*r**2 - 12*r - 2. What is the hundreds digit of k(0)?
6
Let x = 139 + -426. Let z = 698 + x. What is the units digit o